{"id":61,"date":"2011-09-28T19:01:54","date_gmt":"2011-09-28T19:01:54","guid":{"rendered":"http:\/\/www.acena.net\/cue\/?page_id=61"},"modified":"2023-09-17T05:45:34","modified_gmt":"2023-09-17T05:45:34","slug":"universidad-de-wiener","status":"publish","type":"page","link":"https:\/\/cue.org.es\/?page_id=61","title":{"rendered":"Universidad de Wiener"},"content":{"rendered":"\n<figure class=\"wp-block-image alignleft size-large\"><a href=\"http:\/\/www.acena.net\/cue\/wp-content\/uploads\/2011\/09\/logo_oficial_wiener.jpg\"><img decoding=\"async\" src=\"https:\/\/cue.org.es\/wp-content\/uploads\/2011\/09\/logo_oficial_wiener.jpg\" alt=\"\" title=\"logo_oficial_wiener\"\/><\/a><\/figure>\n\n\n\n<p><span style=\"text-decoration: underline;\"><strong>Datos de contacto:<\/strong><\/span><\/p>\n\n\n\n<p><span style=\"text-decoration: underline;\"><strong>Universidad Norbert Wiener (UWIENER)<\/strong><\/span><br><strong>Direcci\u00f3n:<\/strong> Jr. Larrabure y Unanue 110 Urb. Santa Beatriz, Lima-Per\u00fa<br><strong>Rector:<\/strong> Ing. Luis Alberto Bull\u00f3n Salazar, Ph.D.<br><strong>Tel\u00e9fono: <\/strong> (0051-1) 7065555 Anexo Rectorado<br><strong>Mail:<\/strong> <a href=\"mailto:l78@wienergroup.com\">l78@wienergroup.com<\/a><br><strong>Web:<\/strong> <a title=\"Universidad de Wiener\" href=\"http:\/\/www.uwiener.edu.pe\" target=\"_blank\" rel=\"noopener\">www.uwiener.edu.pe<\/a><\/p>\n\n\n\n<p><strong><span style=\"text-decoration: underline;\">MAESTR\u00cdAS Y DOCTORADOS:<\/span><\/strong><\/p>\n\n\n\n<p><strong>Programa de Maestr\u00eda en:<\/strong><\/p>\n\n\n\n<p>1) Docencia Universitaria<br>2) Inform\u00e1tica Educativa<br>3) Educaci\u00f3n con menci\u00f3n en Pedagog\u00eda<br>4) Gesti\u00f3n de la calidad en Instituciones Educativas.<br>5) Derecho Empresarial<br>6) Derecho Civil<br>7) Derecho Penal<br>8) Gesti\u00f3n y Desarrollo Social<br>9) Auditoria Gubernamental y Empresarial<br>10) Administraci\u00f3n en Recursos Humanos<br>11) Medicina Complementaria<br>12) Administraci\u00f3n con menci\u00f3n en Comercio Exterior.<br>13) Ciencias Pol\u00edticas y Gobernabilidad.<br>14) Criminalistica<\/p>\n\n\n\n<p><span style=\"text-decoration: underline;\"><strong>Programa Doctoral en:<\/strong><\/span><\/p>\n\n\n\n<p>1) Educaci\u00f3n<br>2) Administraci\u00f3n P\u00fablica<br>3) Gobernabilidad y Ciencias Pol\u00edticas<br>4) Criminalistica<\/p>\n\n\n\n<p>E-mail : <a href=\"mailto:info@uwiener.edu.pe\">info@uwiener.edu.pe<\/a><br>URL: <a title=\"Universidad de Wiener\" href=\"http:\/\/www.uwiener.edu.pe\" target=\"_blank\" rel=\"noopener\">http:\/\/www.uwiener.edu.pe<\/a><br>Redes Sociales: <a title=\"Red Social\" href=\"http:\/\/es-es.facebook.com\/uwiener\" target=\"_blank\" rel=\"noopener\">http:\/\/es-es.facebook.com\/uwiener<\/a><\/p>\n\n\n\n<figure class=\"wp-block-image alignleft size-large\"><a href=\"http:\/\/www.cue.org.es\/?page_id=46\"><img decoding=\"async\" src=\"https:\/\/cue.org.es\/wp-content\/uploads\/2011\/09\/boton-volver.gif\" alt=\"\" title=\"boton-volver\"\/><\/a><\/figure>\n","protected":false},"excerpt":{"rendered":"<p>Datos de contacto: Universidad Norbert Wiener (UWIENER)Direcci\u00f3n: Jr. Larrabure y Unanue 110 Urb. Santa Beatriz, Lima-Per\u00faRector: Ing. Luis Alberto Bull\u00f3n Salazar, Ph.D.Tel\u00e9fono: (0051-1) 7065555 Anexo RectoradoMail: l78@wienergroup.comWeb: www.uwiener.edu.pe MAESTR\u00cdAS Y DOCTORADOS: Programa de Maestr\u00eda en: 1) Docencia Universitaria2) Inform\u00e1tica Educativa3) Educaci\u00f3n con menci\u00f3n en Pedagog\u00eda4) Gesti\u00f3n de la calidad en Instituciones Educativas.5) Derecho Empresarial6) Derecho [&hellip;]<\/p>\n","protected":false},"author":1,"featured_media":0,"parent":0,"menu_order":0,"comment_status":"closed","ping_status":"open","template":"","meta":{"footnotes":""},"class_list":["post-61","page","type-page","status-publish","hentry"],"_links":{"self":[{"href":"https:\/\/cue.org.es\/index.php?rest_route=\/wp\/v2\/pages\/61","targetHints":{"allow":["GET"]}}],"collection":[{"href":"https:\/\/cue.org.es\/index.php?rest_route=\/wp\/v2\/pages"}],"about":[{"href":"https:\/\/cue.org.es\/index.php?rest_route=\/wp\/v2\/types\/page"}],"author":[{"embeddable":true,"href":"https:\/\/cue.org.es\/index.php?rest_route=\/wp\/v2\/users\/1"}],"replies":[{"embeddable":true,"href":"https:\/\/cue.org.es\/index.php?rest_route=%2Fwp%2Fv2%2Fcomments&post=61"}],"version-history":[{"count":12,"href":"https:\/\/cue.org.es\/index.php?rest_route=\/wp\/v2\/pages\/61\/revisions"}],"predecessor-version":[{"id":936,"href":"https:\/\/cue.org.es\/index.php?rest_route=\/wp\/v2\/pages\/61\/revisions\/936"}],"wp:attachment":[{"href":"https:\/\/cue.org.es\/index.php?rest_route=%2Fwp%2Fv2%2Fmedia&parent=61"}],"curies":[{"name":"wp","href":"https:\/\/api.w.org\/{rel}","templated":true}]}}