{"id":2,"date":"2011-09-15T10:52:32","date_gmt":"2011-09-15T10:52:32","guid":{"rendered":"http:\/\/www.acena.net\/cue\/?page_id=2"},"modified":"2024-09-07T07:47:42","modified_gmt":"2024-09-07T07:47:42","slug":"pagina-ejemplo","status":"publish","type":"page","link":"https:\/\/cue.org.es\/","title":{"rendered":"Velkommen, Vitajte, Dobrodo\u0161li, Bienvenidos"},"content":{"rendered":"<form role=\"search\" method=\"get\" action=\"https:\/\/cue.org.es\/\" class=\"wp-block-search__button-outside wp-block-search__text-button wp-block-search\"    ><label class=\"wp-block-search__label\" for=\"wp-block-search__input-1\" >Buscar<\/label><div class=\"wp-block-search__inside-wrapper\"  style=\"width: 100%\"><input class=\"wp-block-search__input\" id=\"wp-block-search__input-1\" placeholder=\"\" value=\"\" type=\"search\" name=\"s\" required \/><button aria-label=\"Buscar\" class=\"wp-block-search__button has-text-color has-base-color has-background has-cyan-bluish-gray-background-color wp-element-button\" type=\"submit\" >Buscar<\/button><\/div><\/form>\n\n\n<div class=\"wp-block-cover alignwide is-light\"><span aria-hidden=\"true\" class=\"wp-block-cover__background has-background-dim\"><\/span><video class=\"wp-block-cover__video-background intrinsic-ignore\" autoplay muted loop playsinline src=\"https:\/\/cue.org.es\/wp-content\/uploads\/2019\/05\/index.webm\" data-object-fit=\"cover\"><\/video><div class=\"wp-block-cover__inner-container is-layout-flow wp-block-cover-is-layout-flow\">\n<p class=\"has-text-align-center has-base-color has-text-color has-x-large-font-size\">Hacia una integraci\u00f3n acad\u00e9mica desde Europa hasta Am\u00e9rica.<\/p>\n<\/div><\/div>\n\n\n\n<h2 class=\"wp-block-heading\"><strong>Sobre el CUE University EuroAmerican Consortium<\/strong><\/h2>\n\n\n\n<p><strong>Por un Sistema Integrado de Cooperaci\u00f3n Academica Internacional.<\/strong><\/p>\n\n\n\n<p style=\"font-size:clamp(14px, 0.875rem + ((1vw - 3.2px) * 0.455), 18px);\">El CUE University EuroAmerican Consortium, est\u00e1 inscrito en el Registro General de la Secretar\u00eda General T\u00e9cnica del Ministerio del Interior con el n\u00famero 587663 y C. I. G92816453 del Reino de Espa\u00f1a (UE). A trav\u00e9s de los Miembros Numerarios, y de la Entidades Educativas integradas e inscritas,&nbsp; velamos por hacer cumplir con los requisitos y objetivos de esta instituci\u00f3n.<\/p>\n\n\n\n<p>Nuestras delegaciones, autorizadas por universidades pertenecientes al CUE en Am\u00e9rica y Europa, les mantendr\u00e1n informados sobre la comunidad universitaria que forman parte del consorcio, as\u00ed como las que se incorporen posteriormente.<\/p>\n\n\n\n<p>Como recomendaci\u00f3n, le invitamos a&nbsp;<a href=\"https:\/\/cue.org.es\/?page_id=30\">cumplimentar su afiliaci\u00f3n como miembro<\/a>, para recibir informaci\u00f3n puntual y actualizada de \u00e1reas de su inter\u00e9s, as\u00ed como acceder a ciertos contenidos de inter\u00e9s para nuestra comunidad y el reconocimiento como Miembro Numerario del C.U.E.<\/p>\n\n\n\n<p><\/p>\n\n\n\n<div class=\"wp-block-columns alignwide is-layout-flex wp-container-core-columns-is-layout-d2da2050 wp-block-columns-is-layout-flex\" style=\"margin-bottom:0\">\n<div class=\"wp-block-column has-text-color has-background has-link-color wp-elements-26913846451269d8ce535b74288febee is-layout-flow wp-block-column-is-layout-flow\" style=\"color:#000000;background-color:#ffe97d;padding-top:2em;padding-right:2em;padding-bottom:2em;padding-left:2em\">\n<h2 class=\"wp-block-heading\" id=\"single\" style=\"font-size:clamp(24.034px, 1.502rem + ((1vw - 3.2px) * 1.814), 40px);\"><strong>Certificaci\u00f3n <\/strong><\/h2>\n\n\n\n<p class=\"has-normal-font-size\" style=\"line-height:1.5\"><strong>Integraci\u00f3n, Promoci\u00f3n y Participaci\u00f3n en el C.U.E.<\/strong><\/p>\n\n\n\n<hr class=\"wp-block-separator has-text-color has-css-opacity has-background is-style-wide\" style=\"background-color:#000000;color:#000000\"\/>\n\n\n\n<p class=\"has-small-font-size\">La integraci\u00f3n de una entidad educativa al CUE, presenta una serie de beneficios, pero los mas relevantes, se basan en la integraci\u00f3n, gesti\u00f3n de la calidad, y participaci\u00f3n en las diferentes cuestiones acad\u00e9micas.<\/p>\n\n\n\n<p class=\"has-small-font-size\">El acceso a los servicios de auditoria, tienen varios objetivos, que van desde la gesti\u00f3n de calidad, hasta las auditorias de seguridad inform\u00e1tica, y protecci\u00f3n de datos de car\u00e1cter personal. Actualice su entidad educativa para el futuro inmediato.<\/p>\n<\/div>\n\n\n\n<div class=\"wp-block-column has-text-color has-background has-link-color wp-elements-e8ce101a07e5be5c4310a5e0a184b0fc is-layout-flow wp-block-column-is-layout-flow\" style=\"color:#000000;background-color:#d1d1e1;padding-top:2em;padding-right:2em;padding-bottom:2em;padding-left:2em\">\n<h2 class=\"wp-block-heading\" id=\"family\" style=\"font-size:clamp(24.034px, 1.502rem + ((1vw - 3.2px) * 1.814), 40px);\"><strong>Miembros<\/strong><\/h2>\n\n\n\n<p class=\"has-normal-font-size\" style=\"line-height:1.5\"><strong>Afiliaci\u00f3n y Reconocimiento Acad\u00e9mico.<\/strong><\/p>\n\n\n\n<hr class=\"wp-block-separator has-css-opacity is-style-wide\"\/>\n\n\n\n<p class=\"has-small-font-size\">Formar parte como Miembro Numerario del CUE de la Comunidad Acad\u00e9mica Global, le ofrece la posibilidad de acceder al an\u00e1lisis de su Expediente Acad\u00e9mico, con el objetivo de acceder a la de acreditaci\u00f3n y certificaci\u00f3n de un nivel acad\u00e9mico por parte del \u00e1rea acad\u00e9mica del University Euro\u00b7American Consortium, as\u00ed como, beneficiarse de informaci\u00f3n preferente de su sector acad\u00e9mico \u2013 profesional, ofertas laborales internacionales, tr\u00e1mites y gestiones, y mantener una l\u00ednea de comunicaci\u00f3n con nuestros asesores acad\u00e9micos.<\/p>\n<\/div>\n\n\n\n<div class=\"wp-block-column has-text-color has-background has-link-color wp-elements-89e24706340fc7ec8493130e6833c865 is-layout-flow wp-block-column-is-layout-flow\" style=\"color:#000000;background-color:#c0ebf1;padding-top:2em;padding-right:2em;padding-bottom:2em;padding-left:2em\">\n<h2 class=\"wp-block-heading\" id=\"patron\" style=\"font-size:clamp(24.034px, 1.502rem + ((1vw - 3.2px) * 1.814), 40px);\"><strong>Educaci\u00f3n<\/strong><\/h2>\n\n\n\n<p class=\"has-normal-font-size\"><strong>en el Consorcio Universitario EuroAmericano.<\/strong><\/p>\n\n\n\n<hr class=\"wp-block-separator has-css-opacity is-style-wide\"\/>\n\n\n\n<p class=\"has-small-font-size\">Formar parte de la Comunidad Acad\u00e9mica Global del CUE University EuroAmerican Consortium, como Entidad Educativa, no solo es un reconocimiento. <\/p>\n\n\n\n<p class=\"has-small-font-size\">Es formar parte de un Sistema de Cooperaci\u00f3n y Desarrollo Acad\u00e9mico, mediante una credencial certificada, galard\u00f3n reconocido internacionalmente.<\/p>\n\n\n\n<p class=\"has-small-font-size\">Este reconocimiento, faculta a su entidad educativa, a obtener l\u00edneas de cooperaci\u00f3n internacional entre entidades educativas, para la promoci\u00f3n y comercializaci\u00f3n de productos acad\u00e9micos, o la adquisi\u00f3n de paquetes especializados, exclusivamente dise\u00f1ados para usted.<\/p>\n<\/div>\n<\/div>\n","protected":false},"excerpt":{"rendered":"<p>Sobre el CUE University EuroAmerican Consortium Por un Sistema Integrado de Cooperaci\u00f3n Academica Internacional. El CUE University EuroAmerican Consortium, est\u00e1 inscrito en el Registro General de la Secretar\u00eda General T\u00e9cnica del Ministerio del Interior con el n\u00famero 587663 y C. I. G92816453 del Reino de Espa\u00f1a (UE). A trav\u00e9s de los Miembros Numerarios, y de [&hellip;]<\/p>\n","protected":false},"author":1,"featured_media":919,"parent":0,"menu_order":0,"comment_status":"closed","ping_status":"open","template":"","meta":{"footnotes":""},"class_list":["post-2","page","type-page","status-publish","has-post-thumbnail","hentry"],"_links":{"self":[{"href":"https:\/\/cue.org.es\/index.php?rest_route=\/wp\/v2\/pages\/2","targetHints":{"allow":["GET"]}}],"collection":[{"href":"https:\/\/cue.org.es\/index.php?rest_route=\/wp\/v2\/pages"}],"about":[{"href":"https:\/\/cue.org.es\/index.php?rest_route=\/wp\/v2\/types\/page"}],"author":[{"embeddable":true,"href":"https:\/\/cue.org.es\/index.php?rest_route=\/wp\/v2\/users\/1"}],"replies":[{"embeddable":true,"href":"https:\/\/cue.org.es\/index.php?rest_route=%2Fwp%2Fv2%2Fcomments&post=2"}],"version-history":[{"count":29,"href":"https:\/\/cue.org.es\/index.php?rest_route=\/wp\/v2\/pages\/2\/revisions"}],"predecessor-version":[{"id":1018,"href":"https:\/\/cue.org.es\/index.php?rest_route=\/wp\/v2\/pages\/2\/revisions\/1018"}],"wp:featuredmedia":[{"embeddable":true,"href":"https:\/\/cue.org.es\/index.php?rest_route=\/wp\/v2\/media\/919"}],"wp:attachment":[{"href":"https:\/\/cue.org.es\/index.php?rest_route=%2Fwp%2Fv2%2Fmedia&parent=2"}],"curies":[{"name":"wp","href":"https:\/\/api.w.org\/{rel}","templated":true}]}}